*g + 4. Suppose -4*l + 26 + 18 = 0. Let q be 4/(-16) + l/(-4). Is b(q) composite?
True
Let f = 54 - -281. Is f a composite number?
True
Is 0 - -2 - (-540 - 11) composite?
True
Suppose 0 = 3*q + 28 - 1294. Suppose 0*h = -2*h + q. Is h a composite number?
False
Let s = 14 + -15. Let x(b) = -12*b - 3*b - 1 - 5*b. Is x(s) prime?
True
Suppose 62 = -5*b + 787. Is b prime?
False
Let q = -812 - -2373. Is q prime?
False
Suppose 3*q - q - 6 = 0. Suppose 142 = q*k - 23. Is k a composite number?
True
Suppose 2*k = -2*k - 8, -4*z + 5*k - 146 = 0. Let t = 25 - 45. Let c = t - z. Is c a prime number?
True
Suppose -5*g - 3 = -18. Suppose 4*p = 2*c + 16, p + c + 2 = g. Is (p/(-2))/(2/(-28)) a composite number?
True
Is 1 + 18*(-124)/(-6) a composite number?
False
Let k(n) be the third derivative of n**5/3 - n**4/6 - n**3/6 + n**2. Is k(-3) prime?
True
Let h(s) = -8*s**2 - 7*s - 3. Let x(r) = -r**2 - r. Let k(y) = -h(y) + 6*x(y). Suppose 4*b + 21 = 5. Is k(b) composite?
False
Suppose 0 = 5*p - 10, 4*v + 5*p - 11488 = 2*v. Is v a prime number?
False
Suppose 3*d + 2*d = 3*n - 15, 25 = -3*d + 5*n. Suppose 2*i + 6 = -d*i. Let x(v) = 13*v**2 - 2*v + 4. Is x(i) prime?
True
Let t(v) = v**2 + v. Let q be t(-2). Is -3 + q - 252/(-3) a composite number?
False
Suppose 283 = 3*v + 2*j, 3*v + j + 2*j = 279. Is v a prime number?
True
Let a = -228 + 135. Is a/(-5) + 12/30 composite?
False
Let i(g) be the second derivative of -g**5/20 - g**4/3 - g**3/6 - g**2/2 + g. Is i(-6) a composite number?
True
Let c(p) = -p**3 - 10*p**2 + 10. Is c(-11) composite?
False
Let g(z) = -z**2 - 18*z - 2. Let i(k) = -8*k**2 + k. Let y be i(-1). Is g(y) a composite number?
False
Suppose 0 = -5*q - 2*w - 1592, -w - w - 1274 = 4*q. Let y = q - -19. Let a = -180 - y. Is a a prime number?
False
Let d(j) = 82*j - 35. Is d(4) a prime number?
True
Suppose -2*g + 50 = 3*g. Let z = 4 + g. Suppose t + 2*y - z = 23, -3*y = 5*t - 220. Is t a prime number?
True
Suppose 3*m - 422 = 2*m + w, 3*w = -9. Is m composite?
False
Suppose -3*i = -7*i + 11372. Is i prime?
True
Let u(h) = -18*h**3 + 0*h + 16*h**3 - 2*h - 1. Let l be u(-1). Is 3 - l - -1*51 prime?
False
Let h = -297 - -732. Let y = h + -224. Is y composite?
False
Is ((-4)/(-6))/(2/1509) a prime number?
True
Is 211*(4 - (2 + 1)) prime?
True
Suppose 3*f - 4*i = 22, -4*f - 6*i + 4*i = 0. Suppose v = -2*p + 662, v + 654 = f*p - 0*v. Is p a prime number?
False
Let f(j) = j**2 - 5*j - 7. Let v be f(7). Suppose q + v = -5*p + 19, 4*p - 3 = -3*q. Suppose -3*m = 4*u - 65, -2*m + 6*m + p*u = 82. Is m a composite number?
False
Suppose 2*n - 2*a + a = 0, -4*a + 20 = 2*n. Suppose 3*o - n*o = -5. Is 0 + (-2 - o) - -52 composite?
True
Let x(u) = -u**2 + 10*u - 4. Let r = 20 - 11. Let i be x(r). Let z(y) = -y**3 + 6*y**2 - 3*y - 1. Is z(i) prime?
False
Suppose -b - 5*u = -2*u - 140, -4*b + 5*u + 611 = 0. Suppose 2*a - b = -n, -3*a + 216 = -n + 4*n. Is a a composite number?
True
Suppose 5*u = -4*k + 12, 7*u = 2*k + 2*u - 6. Suppose -k*r - 3 + 21 = 0. Is r prime?
False
Suppose -5*u + 6*u = 47. Is u prime?
True
Let c(j) = j**2 - j. Let t be c(-1). Suppose t*d = -5*n - 11, -n + 0*n - 13 = -5*d. Is d composite?
False
Suppose -12 + 219 = 3*u. Suppose 4*a = a + u. Is a a composite number?
False
Let x = 103 - 60. Is x a composite number?
False
Let b(s) = s**2 - 9. Let w be b(-9). Let x be (-1)/(-1) + -2 - w. Let a = 16 - x. Is a a composite number?
False
Suppose 158 = 5*x - 2*r - 0*r, 0 = -3*x + r + 94. Let m be x/8 + 1/4. Suppose -u - k = -0*k - 38, -m*k = 5*u - 185. Is u a prime number?
False
Suppose 0 = -2*f - 44 + 426. Is f a prime number?
True
Let d be ((-6)/2 - -42) + 3. Let g be d + -3*1/(-3). Let a = g - -42. Is a a composite number?
True
Suppose 54359 = 2*p + 17*p. Is p prime?
True
Suppose -8*c + 35 = -3*c. Let o(x) = c*x**2 + 3 - 6*x + 2 + x. Is o(4) composite?
False
Suppose 4*j = j - 2*g - 106, 0 = 4*j - g + 156. Let q = -1 - j. Is q a composite number?
False
Suppose 2297 + 201 = 2*c. Is c a prime number?
True
Is 77 + 0 + 6/3 composite?
False
Let m(y) = -6*y**3 - y**2 - y - 1. Let g be m(-1). Suppose 105 = g*t + 3*o, -4*t - 4*o + 4 = -72. Let p = 37 - t. Is p prime?
True
Suppose -672 + 99 = -3*s. Is s prime?
True
Suppose 12424 = 4*h + 692. Is h composite?
True
Suppose -2*y + 4 = -0*y. Suppose 0 = -3*k - y*w + 282, 5*w + 327 = 5*k - 143. Is k prime?
False
Let k be (-36)/(-8)*(-1 - -9). Let n = k + 55. Is n a composite number?
True
Suppose 0 = 14*h - 9*h - 1005. Is h prime?
False
Let l = -188 + 314. Suppose 5*s = -n + 22, 4*n + 2*s = s + l. Let y = 15 + n. Is y prime?
True
Suppose -2*k = -11*k + 29943. Is k a prime number?
False
Let h(n) = n**2 + n + 6287. Is h(0) a composite number?
False
Suppose -3*g + 0*w + w = -1595, 5*w = -5*g + 2685. Is g composite?
True
Let l(z) = 205*z**3 - z - 1. Is l(2) a composite number?
False
Suppose 5*m + 72 + 143 = -5*o, -212 = 5*m + 2*o. Is ((-291)/9)/(2/m) a prime number?
False
Is (1/(-3))/(8/(-7176)) a prime number?
False
Let i(b) = 305*b. Let l be i(1). Suppose -3*h - 9 = 0, -2*p + 5*h = 3*p - l. Is p a composite number?
True
Let w = 74 - -1. Suppose 2*i = -2*t - 74, 3*i - 3*t + 18 = -w. Let o = 117 + i. Is o composite?
False
Suppose -2*n - 14 = 3*o, o - 4*n = 2*o - 12. Let s(w) = -w - 11. Let y be s(o). Is y/(-6) - (-101)/2 a prime number?
False
Suppose -3*q = -270 - 4359. Is q a composite number?
False
Is (-5960)/(-11) - (1 - 13/11) composite?
True
Suppose 6*s - 23615 + 5393 = 0. Is s prime?
True
Let m = 1 + 2. Let k(u) = 4*u**3 + u**2 - u + 1. Let t be k(1). Suppose m*p = -6, 5*g - 21 = 4*g + t*p. Is g prime?
True
Let y(g) = -g**3 - 11*g**2 + 24*g - 4. Is y(-13) a composite number?
True
Is (-585)/(-12) + (-1)/(-4) prime?
False
Let d be 2/((-6)/21)*-1. Suppose -v = -2*v - d. Let x = 18 + v. Is x a composite number?
False
Let c(x) be the first derivative of -3*x**2/2 - 7*x - 3. Is c(-6) composite?
False
Is 1357 + -1 - (2 + (-2 - 1)) a composite number?
True
Suppose 2 = 3*m - 10. Is (-3)/(-1) + (270 - m) a composite number?
False
Is -4 + 1/((-1)/(-38)) prime?
False
Suppose 12*z - 7741 = 10967. Is z prime?
True
Let r(c) = -156*c**2 + 4*c + 1. Let u(i) = 311*i**2 - 7*i - 2. Let x(y) = 5*r(y) + 3*u(y). Let b be x(-1). Suppose 5*q - 2*q = b. Is q composite?
True
Is 2476 - (9 + -2 - 4) a prime number?
True
Is (6 - 7)/((-2)/982) a composite number?
False
Suppose 3*j - 24 = 2*k - 5*k, -j = -k. Suppose -h - k*h = -5. Is h - (0 - 3)/3 composite?
False
Let d(m) = -62*m - 3. Let f be d(-8). Suppose o + 0*o = f. Suppose -5*k - 38 = -o. Is k a composite number?
True
Suppose b = 0, 0 = 5*z - 0*b - b - 635. Is z a composite number?
False
Suppose -k + 0*k = -289. Is k composite?
True
Suppose -2*d - 4*o - 3882 = -4*d, 4*d - 7744 = -2*o. Is d composite?
True
Suppose -5*m + 23665 = -0*m - 2*t, 0 = -5*m + 5*t + 23665. Is m a prime number?
True
Let r = -145 - -204. Is r prime?
True
Suppose -z = 5*f - 67 - 60, 0 = 2*z - 5*f - 254. Is z a composite number?
False
Suppose 5*w - 15 + 0 = -5*f, 3 = w - 3*f. Suppose 2 = b - w*b - 4*t, 0 = -t - 2. Is b a composite number?
False
Let o(b) = 0 + 15*b + 4*b**3 - 5*b**3 - 4*b + 8*b**2 + 13. Is o(9) a composite number?
False
Let f(m) = 210*m**2 + 3*m. Let j be f(-2). Suppose -j = -5*s + 1381. Is s composite?
False
Let f(j) be the third derivative of 7*j**5/60 - j**4/24 - j**3/6 + j**2. Let p = 24 - 27. Is f(p) a composite number?
True
Is 637 - 1/(-2)*8 composite?
False
Suppose -7 - 1 = n. Let p be (-47)/9 + n/(-36). Is (p/2)/(4/(-152)) a prime number?
False
Suppose 0 = n + 4*n + 2*t - 56, 0 = -4*n + 5*t + 25. Is 584/n + 4/(-10) a composite number?
True
Suppose 2*w + 11 = -5*f, 3*f + 2 = 5*f. Let m = w - -6. Is m/7 - (-522)/14 a prime number?
True
Let g = -393 + 646. Is g composite?
True
Suppose 0 = 5*n - 593 - 232. Let m(c) = -c - 2. Let p be m(-4). Suppose -n = -g - p*g. Is g composite?
True
Suppose -2*y + 538 = 2*s, 4*y - 676 = -s + 400. Is y a composite number?
False
Let i(d) = -2*d + 6. Let l be i(8). Let t(f) = f**2 + 9*f - 11. Let q be t(l). Is 1/(q/(-3*17)) a prime number?
False
Suppose 0*r - 3*r + 4*a = -3057, 2*r + a = 2027. Suppose 4*i - r = -i. Is i composite?
True
Let n = -2 + 6. Let p(d) = -d**2 + d. Let l be p(-3). Is n*3/l*-39 prime?
False
Let t(j) = 7*j**2 + 2 + 2*j**3 - 4*j**3 + 3*j**3 - j. Suppose